{"id":21,"date":"2015-03-23T14:10:34","date_gmt":"2015-03-23T12:10:34","guid":{"rendered":"http:\/\/www.elebet.fi\/wp\/?page_id=21"},"modified":"2024-01-17T08:19:13","modified_gmt":"2024-01-17T06:19:13","slug":"tuotteet","status":"publish","type":"page","link":"https:\/\/www.elebet.fi\/?page_id=21","title":{"rendered":"TUOTTEET"},"content":{"rendered":"\n<div class=\"wp-block-columns is-layout-flex wp-container-core-columns-is-layout-1 wp-block-columns-is-layout-flex\">\n<div class=\"wp-block-column is-layout-flow wp-block-column-is-layout-flow\" style=\"flex-basis:50%\">\n<h2 class=\"wp-block-heading\">Valmistamme seuraavia elementtej\u00e4<\/h2>\n\n\n\n<p>v\u00e4lisein\u00e4t<br>sis\u00e4kuoret, my\u00f6s eristeell\u00e4<br>sandwich elementit (harmaa, tiili, v\u00e4rilliset, graafinen)<br>parvekkeet, parvekekatot ja parvekepielet<br>massiivilaatat<br>pilarit ja palkit<br>sokkelit<\/p>\n\n\n\n<p><a href=\"https:\/\/www.elebet.fi\/?page_id=53\">Lue lis\u00e4\u00e4 elementtityypeist\u00e4<\/a><\/p>\n<\/div>\n\n\n\n<div class=\"wp-block-column is-layout-flow wp-block-column-is-layout-flow\" style=\"flex-basis:50%\">\n<div class=\"wp-block-cover\"><span aria-hidden=\"true\" class=\"wp-block-cover__background has-background-dim\"><\/span><img loading=\"lazy\" decoding=\"async\" width=\"1024\" height=\"576\" class=\"wp-block-cover__image-background wp-image-507\" alt=\"\" src=\"https:\/\/www.elebet.fi\/wp-content\/uploads\/2024\/01\/IMG_0378-1024x576.jpg\" data-object-fit=\"cover\" srcset=\"https:\/\/www.elebet.fi\/wp-content\/uploads\/2024\/01\/IMG_0378-1024x576.jpg 1024w, https:\/\/www.elebet.fi\/wp-content\/uploads\/2024\/01\/IMG_0378-300x169.jpg 300w, https:\/\/www.elebet.fi\/wp-content\/uploads\/2024\/01\/IMG_0378-768x432.jpg 768w, https:\/\/www.elebet.fi\/wp-content\/uploads\/2024\/01\/IMG_0378-1536x864.jpg 1536w, https:\/\/www.elebet.fi\/wp-content\/uploads\/2024\/01\/IMG_0378-2048x1152.jpg 2048w\" sizes=\"auto, (max-width: 1024px) 100vw, 1024px\" \/><div class=\"wp-block-cover__inner-container is-layout-flow wp-block-cover-is-layout-flow\">\n<p class=\"has-text-align-center has-large-font-size\">ELEMENTTITYYPIT<\/p>\n<\/div><\/div>\n<\/div>\n<\/div>\n\n\n\n<div class=\"wp-block-columns is-layout-flex wp-container-core-columns-is-layout-2 wp-block-columns-is-layout-flex\">\n<div class=\"wp-block-column is-layout-flow wp-block-column-is-layout-flow\" style=\"flex-basis:50%\">\n<figure class=\"wp-block-image size-large\"><a href=\"https:\/\/www.elebet.fi\/wp-content\/uploads\/2024\/01\/brick-wall-3044356_1280.jpg\"><img loading=\"lazy\" decoding=\"async\" width=\"1024\" height=\"617\" src=\"https:\/\/www.elebet.fi\/wp-content\/uploads\/2024\/01\/brick-wall-3044356_1280-1024x617.jpg\" alt=\"\" class=\"wp-image-516\" style=\"object-fit:cover\" srcset=\"https:\/\/www.elebet.fi\/wp-content\/uploads\/2024\/01\/brick-wall-3044356_1280-1024x617.jpg 1024w, https:\/\/www.elebet.fi\/wp-content\/uploads\/2024\/01\/brick-wall-3044356_1280-300x181.jpg 300w, https:\/\/www.elebet.fi\/wp-content\/uploads\/2024\/01\/brick-wall-3044356_1280-768x463.jpg 768w, https:\/\/www.elebet.fi\/wp-content\/uploads\/2024\/01\/brick-wall-3044356_1280.jpg 1280w\" sizes=\"auto, (max-width: 1024px) 100vw, 1024px\" \/><\/a><\/figure>\n<\/div>\n\n\n\n<div class=\"wp-block-column is-layout-flow wp-block-column-is-layout-flow\" style=\"flex-basis:50%\">\n<h2 class=\"wp-block-heading\">Pinnat<\/h2>\n\n\n\n<p>Hienopesty v\u00e4ribetoni<br>Muottipinta<br>Erilaiset uritetut pinnat<br>Harjattu pinta<br>Maalausalustat \/ pesupinnat<br>tiilipinnat (tehdas saumaus tai j\u00e4lkisaumaus)<br>Graafinen betoni<br>Rappauspinnat<\/p>\n\n\n\n<p><a href=\"https:\/\/www.elebet.fi\/?page_id=51\">Katso mallit pinnoista<\/a><\/p>\n<\/div>\n<\/div>\n\n\n\n<div class=\"wp-block-columns is-layout-flex wp-container-core-columns-is-layout-3 wp-block-columns-is-layout-flex\">\n<div class=\"wp-block-column is-layout-flow wp-block-column-is-layout-flow\" style=\"flex-basis:50%\">\n<h2 class=\"wp-block-heading\">Erikoiselementit<\/h2>\n\n\n\n<p>Toteutamme tehtaallamme erilaisia erikoiselementtej\u00e4<\/p>\n\n\n\n<p>hissikuilut + yl\u00e4kupit<br>Erilaiset taide elementit<br>Useamman elementin kokoiset graafiset kokonaisuudet<\/p>\n\n\n\n<p><a href=\"https:\/\/www.elebet.fi\/?page_id=55\" data-type=\"link\" data-id=\"https:\/\/www.elebet.fi\/?page_id=55\">Lue lis\u00e4\u00e4 erikoiselementeist\u00e4<\/a><\/p>\n<\/div>\n\n\n\n<div class=\"wp-block-column is-layout-flow wp-block-column-is-layout-flow\" style=\"flex-basis:50%\">\n<figure class=\"wp-block-image size-large is-resized\"><a href=\"https:\/\/www.elebet.fi\/wp-content\/uploads\/2024\/01\/lumipuu-scaled.jpg\"><img loading=\"lazy\" decoding=\"async\" width=\"1024\" height=\"768\" src=\"https:\/\/www.elebet.fi\/wp-content\/uploads\/2024\/01\/lumipuu-1024x768.jpg\" alt=\"\" class=\"wp-image-542\" style=\"width:539px;height:auto\" srcset=\"https:\/\/www.elebet.fi\/wp-content\/uploads\/2024\/01\/lumipuu-1024x768.jpg 1024w, https:\/\/www.elebet.fi\/wp-content\/uploads\/2024\/01\/lumipuu-300x225.jpg 300w, https:\/\/www.elebet.fi\/wp-content\/uploads\/2024\/01\/lumipuu-768x576.jpg 768w, https:\/\/www.elebet.fi\/wp-content\/uploads\/2024\/01\/lumipuu-1536x1152.jpg 1536w, https:\/\/www.elebet.fi\/wp-content\/uploads\/2024\/01\/lumipuu-2048x1536.jpg 2048w\" sizes=\"auto, (max-width: 1024px) 100vw, 1024px\" \/><\/a><\/figure>\n<\/div>\n<\/div>\n","protected":false},"excerpt":{"rendered":"<p>Valmistamme seuraavia elementtej\u00e4 v\u00e4lisein\u00e4tsis\u00e4kuoret, my\u00f6s eristeell\u00e4sandwich elementit (harmaa, tiili, v\u00e4rilliset, graafinen)parvekkeet, parvekekatot ja parvekepieletmassiivilaatatpilarit ja palkitsokkelit Lue lis\u00e4\u00e4 elementtityypeist\u00e4 Pinnat Hienopesty v\u00e4ribetoniMuottipintaErilaiset uritetut pinnatHarjattu pintaMaalausalustat \/ pesupinnattiilipinnat (tehdas saumaus tai j\u00e4lkisaumaus)Graafinen betoniRappauspinnat Katso mallit pinnoista Erikoiselementit Toteutamme tehtaallamme erilaisia erikoiselementtej\u00e4 hissikuilut + yl\u00e4kupitErilaiset taide elementitUseamman elementin kokoiset graafiset kokonaisuudet Lue lis\u00e4\u00e4 erikoiselementeist\u00e4<\/p>\n","protected":false},"author":1,"featured_media":0,"parent":0,"menu_order":0,"comment_status":"closed","ping_status":"closed","template":"","meta":{"footnotes":""},"class_list":["post-21","page","type-page","status-publish","hentry"],"_links":{"self":[{"href":"https:\/\/www.elebet.fi\/index.php?rest_route=\/wp\/v2\/pages\/21","targetHints":{"allow":["GET"]}}],"collection":[{"href":"https:\/\/www.elebet.fi\/index.php?rest_route=\/wp\/v2\/pages"}],"about":[{"href":"https:\/\/www.elebet.fi\/index.php?rest_route=\/wp\/v2\/types\/page"}],"author":[{"embeddable":true,"href":"https:\/\/www.elebet.fi\/index.php?rest_route=\/wp\/v2\/users\/1"}],"replies":[{"embeddable":true,"href":"https:\/\/www.elebet.fi\/index.php?rest_route=%2Fwp%2Fv2%2Fcomments&post=21"}],"version-history":[{"count":30,"href":"https:\/\/www.elebet.fi\/index.php?rest_route=\/wp\/v2\/pages\/21\/revisions"}],"predecessor-version":[{"id":552,"href":"https:\/\/www.elebet.fi\/index.php?rest_route=\/wp\/v2\/pages\/21\/revisions\/552"}],"wp:attachment":[{"href":"https:\/\/www.elebet.fi\/index.php?rest_route=%2Fwp%2Fv2%2Fmedia&parent=21"}],"curies":[{"name":"wp","href":"https:\/\/api.w.org\/{rel}","templated":true}]}}