{"id":339,"date":"2017-04-05T13:35:15","date_gmt":"2017-04-05T10:35:15","guid":{"rendered":"http:\/\/www.elebet.fi\/?page_id=339"},"modified":"2024-01-24T09:52:31","modified_gmt":"2024-01-24T07:52:31","slug":"2016-2","status":"publish","type":"page","link":"https:\/\/www.elebet.fi\/?page_id=339","title":{"rendered":"2016"},"content":{"rendered":"\n<figure class=\"wp-block-table is-style-stripes\"><table><tbody><tr><td><span style=\"text-decoration: underline;\"><strong>REFERENSSILUETTELO<\/strong><\/span><\/td><td><\/td><td><\/td><td><\/td><\/tr><tr><td colspan=\"2\"><strong>Tuotettuja elementtej\u00e4 yhteens\u00e4 27 404 m\u00b2<\/strong><\/td><td><\/td><td><\/td><\/tr><tr><td><\/td><td><\/td><td><\/td><td><\/td><\/tr><tr><td><strong>KOHDE<\/strong><\/td><td><strong>TILAAJA<\/strong><\/td><td><strong>KUVAUS ELEMENTEIST\u00c4<\/strong><\/td><td><strong>NELI\u00d6M\u00c4\u00c4R\u00c4<\/strong><\/td><\/tr><tr><td>Nurmij\u00e4rven Vaskom\u00e4entie<\/td><td>YIT-Rakennus Oy<\/td><td>Graafiset<\/td><td>800<\/td><\/tr><tr><td>Tietoraitti 4<\/td><td>YIT Rakennus Oy<\/td><td>Valkoiset julkisivut<\/td><td>1 150<\/td><\/tr><tr><td>Niemenrannan Ruislintu A<\/td><td>YIT-Rakennus Oy<\/td><td>Julkisivut<\/td><td>1 600<\/td><\/tr><tr><td>Niemenrannan Ruislintu B<\/td><td>YIT-Rakennus Oy<\/td><td>Julkisivut<\/td><td>1 600<\/td><\/tr><tr><td>Niemenrannan Vanamo<\/td><td>YIT-Rakennus Oy<\/td><td>Julkisivut<\/td><td>1 500<\/td><\/tr><tr><td>Niemenrannan Duetto<\/td><td>YIT-Rakennus Oy<\/td><td>Julkisivut<\/td><td>2 600<\/td><\/tr><tr><td>Niemenrannan Menuetti<\/td><td>YIT-Rakennus Oy<\/td><td>Julkisivut<\/td><td>3 400<\/td><\/tr><tr><td>Koipitaipaleenkatu<\/td><td>Tikirak Oy<\/td><td>Kokonaistoimitus<\/td><td>4 724<\/td><\/tr><tr><td>Pekaani<\/td><td>SRV Pirkanmaa<\/td><td>Julkisivut<\/td><td>1 800<\/td><\/tr><tr><td>P\u00e4hkin\u00e4puisto<\/td><td>SRV Pirkanmaa<\/td><td>Julkisivut<\/td><td>1 800<\/td><\/tr><tr><td>Kompassi<\/td><td>YIT-Rakennus Oy<\/td><td>Julkisivut<\/td><td>960<\/td><\/tr><tr><td>Nuorisos\u00e4\u00e4ti\u00f6<\/td><td>MVR-Yhtym\u00e4 Oy<\/td><td>Kokonaistoimitus<\/td><td>5 090<\/td><\/tr><tr><td>Paarma<\/td><td>Skanska Talonrakennus Oy<\/td><td>Parvekelaatat<\/td><td>380<\/td><\/tr><\/tbody><\/table><\/figure>\n","protected":false},"excerpt":{"rendered":"<p>REFERENSSILUETTELO Tuotettuja elementtej\u00e4 yhteens\u00e4 27 404 m\u00b2 KOHDE TILAAJA KUVAUS ELEMENTEIST\u00c4 NELI\u00d6M\u00c4\u00c4R\u00c4 Nurmij\u00e4rven Vaskom\u00e4entie YIT-Rakennus Oy Graafiset 800 Tietoraitti 4 YIT Rakennus Oy Valkoiset julkisivut 1 150 Niemenrannan Ruislintu A YIT-Rakennus Oy Julkisivut 1 600 Niemenrannan Ruislintu B YIT-Rakennus Oy Julkisivut 1 600 Niemenrannan Vanamo YIT-Rakennus Oy Julkisivut 1 500 Niemenrannan Duetto YIT-Rakennus Oy Julkisivut<\/p><\/div>\n<div class=\"blog-btn\"><a href=\"https:\/\/www.elebet.fi\/?page_id=339\" class=\"home-blog-btn\">Lue lis\u00e4\u00e4<\/a><\/p>\n","protected":false},"author":1,"featured_media":0,"parent":0,"menu_order":0,"comment_status":"closed","ping_status":"closed","template":"","meta":{"footnotes":""},"class_list":["post-339","page","type-page","status-publish","hentry"],"_links":{"self":[{"href":"https:\/\/www.elebet.fi\/index.php?rest_route=\/wp\/v2\/pages\/339","targetHints":{"allow":["GET"]}}],"collection":[{"href":"https:\/\/www.elebet.fi\/index.php?rest_route=\/wp\/v2\/pages"}],"about":[{"href":"https:\/\/www.elebet.fi\/index.php?rest_route=\/wp\/v2\/types\/page"}],"author":[{"embeddable":true,"href":"https:\/\/www.elebet.fi\/index.php?rest_route=\/wp\/v2\/users\/1"}],"replies":[{"embeddable":true,"href":"https:\/\/www.elebet.fi\/index.php?rest_route=%2Fwp%2Fv2%2Fcomments&post=339"}],"version-history":[{"count":2,"href":"https:\/\/www.elebet.fi\/index.php?rest_route=\/wp\/v2\/pages\/339\/revisions"}],"predecessor-version":[{"id":627,"href":"https:\/\/www.elebet.fi\/index.php?rest_route=\/wp\/v2\/pages\/339\/revisions\/627"}],"wp:attachment":[{"href":"https:\/\/www.elebet.fi\/index.php?rest_route=%2Fwp%2Fv2%2Fmedia&parent=339"}],"curies":[{"name":"wp","href":"https:\/\/api.w.org\/{rel}","templated":true}]}}