{"id":36,"date":"2015-03-23T14:16:08","date_gmt":"2015-03-23T12:16:08","guid":{"rendered":"http:\/\/www.elebet.fi\/wp\/?page_id=36"},"modified":"2025-03-06T15:07:38","modified_gmt":"2025-03-06T13:07:38","slug":"henkilokunta","status":"publish","type":"page","link":"https:\/\/www.elebet.fi\/?page_id=36","title":{"rendered":"HISTORIA"},"content":{"rendered":"\n<p><\/p>\n\n\n\n<p><\/p>\n\n\n\n<div class=\"wp-block-media-text has-media-on-the-right is-stacked-on-mobile is-vertically-aligned-top\" style=\"grid-template-columns:auto 39%\"><div class=\"wp-block-media-text__content\">\n<h1 class=\"wp-block-heading has-text-align-center\"><strong>Elebet Oy \u2013 Vankkaa osaamista ja laatua jo vuodesta 1974<\/strong><\/h1>\n\n\n\n<p class=\"has-text-align-left\">Elebet Oy on kokenut ja luotettava betonisten rakennuselementtien valmistaja. Pitk\u00e4n historian ja asiantuntevan henkil\u00f6kunnan ansiosta tuotantomme on tehokasta, laadukasta ja joustavaa.<\/p>\n\n\n\n<p class=\"has-text-align-left\">Yrityksemme juuret ulottuvat vuoteen 1974, jolloin Pomarkkuun perustettiin elementtitehdas vastaamaan kasvavan asuntotuotannon tarpeisiin. Alkuvaiheessa valmistimme kantavia v\u00e4liseini\u00e4, massiivilaattoja ja parvekkeita sek\u00e4 erikoistuotteina betonisia hormielementtej\u00e4 ja kevyit\u00e4 betonisia v\u00e4liseini\u00e4. 80-luvulla tehdas kaupallistettiin ja toimintamme laajeni p\u00e4\u00e4kaupunkiseudulle. Samalla tuotevalikoima monipuolistui ja laatutaso nousi entisest\u00e4\u00e4n.<\/p>\n\n\n\n<p>90-luvun rakennusalan haasteet toivat muutoksia, mutta Elebet Oy nousi uuteen kasvuun vuonna 1998 teollisuusneuvos RI Pentti J\u00e4rvenrannan johdolla. Vuosien varrella olemme kehitt\u00e4neet tuotantoamme vastaamaan asiakkaidemme tarpeita entist\u00e4 monipuolisemmin. Valmistamme erilaisia elementtej\u00e4 asuinrakentamiseen ja toimitilapuolelle, tarjoten kattavia ratkaisuja vaativiin kohteisiin.<\/p>\n\n\n\n<p>T\u00e4n\u00e4 p\u00e4iv\u00e4n\u00e4 Elebet Oy on tunnettu mittatarkoista, korkealaatuisista ja kest\u00e4vist\u00e4 elementeist\u00e4\u00e4n. Nuorekas ja innovatiivinen johto vie yrityst\u00e4mme eteenp\u00e4in, panostaen jatkuvaan kehitykseen ja asiakkaiden kanssa teht\u00e4v\u00e4\u00e4n yhteisty\u00f6h\u00f6n. Meille laatu, toimitusvarmuus ja asiakasl\u00e4ht\u00f6isyys ovat kaiken toiminnan perusta.<\/p>\n<\/div><figure class=\"wp-block-media-text__media\"><img loading=\"lazy\" decoding=\"async\" width=\"1440\" height=\"2560\" src=\"https:\/\/www.elebet.fi\/wp-content\/uploads\/2025\/03\/ELEMENTTIKOHTEITA-JA-MESSUKUVIA-072-scaled.jpg\" alt=\"\" class=\"wp-image-702 size-full\" srcset=\"https:\/\/www.elebet.fi\/wp-content\/uploads\/2025\/03\/ELEMENTTIKOHTEITA-JA-MESSUKUVIA-072-scaled.jpg 1440w, https:\/\/www.elebet.fi\/wp-content\/uploads\/2025\/03\/ELEMENTTIKOHTEITA-JA-MESSUKUVIA-072-169x300.jpg 169w, https:\/\/www.elebet.fi\/wp-content\/uploads\/2025\/03\/ELEMENTTIKOHTEITA-JA-MESSUKUVIA-072-576x1024.jpg 576w, https:\/\/www.elebet.fi\/wp-content\/uploads\/2025\/03\/ELEMENTTIKOHTEITA-JA-MESSUKUVIA-072-768x1365.jpg 768w, https:\/\/www.elebet.fi\/wp-content\/uploads\/2025\/03\/ELEMENTTIKOHTEITA-JA-MESSUKUVIA-072-864x1536.jpg 864w, https:\/\/www.elebet.fi\/wp-content\/uploads\/2025\/03\/ELEMENTTIKOHTEITA-JA-MESSUKUVIA-072-1152x2048.jpg 1152w\" sizes=\"auto, (max-width: 1440px) 100vw, 1440px\" \/><\/figure><\/div>\n","protected":false},"excerpt":{"rendered":"<p>Elebet Oy \u2013 Vankkaa osaamista ja laatua jo vuodesta 1974 Elebet Oy on kokenut ja luotettava betonisten rakennuselementtien valmistaja. Pitk\u00e4n historian ja asiantuntevan henkil\u00f6kunnan ansiosta tuotantomme on tehokasta, laadukasta ja joustavaa. Yrityksemme juuret ulottuvat vuoteen 1974, jolloin Pomarkkuun perustettiin elementtitehdas vastaamaan kasvavan asuntotuotannon tarpeisiin. Alkuvaiheessa valmistimme kantavia v\u00e4liseini\u00e4, massiivilaattoja ja parvekkeita sek\u00e4 erikoistuotteina betonisia hormielementtej\u00e4<\/p><\/div>\n<div class=\"blog-btn\"><a href=\"https:\/\/www.elebet.fi\/?page_id=36\" class=\"home-blog-btn\">Lue lis\u00e4\u00e4<\/a><\/p>\n","protected":false},"author":1,"featured_media":696,"parent":2,"menu_order":0,"comment_status":"closed","ping_status":"closed","template":"","meta":{"footnotes":""},"class_list":["post-36","page","type-page","status-publish","has-post-thumbnail","hentry"],"_links":{"self":[{"href":"https:\/\/www.elebet.fi\/index.php?rest_route=\/wp\/v2\/pages\/36","targetHints":{"allow":["GET"]}}],"collection":[{"href":"https:\/\/www.elebet.fi\/index.php?rest_route=\/wp\/v2\/pages"}],"about":[{"href":"https:\/\/www.elebet.fi\/index.php?rest_route=\/wp\/v2\/types\/page"}],"author":[{"embeddable":true,"href":"https:\/\/www.elebet.fi\/index.php?rest_route=\/wp\/v2\/users\/1"}],"replies":[{"embeddable":true,"href":"https:\/\/www.elebet.fi\/index.php?rest_route=%2Fwp%2Fv2%2Fcomments&post=36"}],"version-history":[{"count":17,"href":"https:\/\/www.elebet.fi\/index.php?rest_route=\/wp\/v2\/pages\/36\/revisions"}],"predecessor-version":[{"id":710,"href":"https:\/\/www.elebet.fi\/index.php?rest_route=\/wp\/v2\/pages\/36\/revisions\/710"}],"up":[{"embeddable":true,"href":"https:\/\/www.elebet.fi\/index.php?rest_route=\/wp\/v2\/pages\/2"}],"wp:featuredmedia":[{"embeddable":true,"href":"https:\/\/www.elebet.fi\/index.php?rest_route=\/wp\/v2\/media\/696"}],"wp:attachment":[{"href":"https:\/\/www.elebet.fi\/index.php?rest_route=%2Fwp%2Fv2%2Fmedia&parent=36"}],"curies":[{"name":"wp","href":"https:\/\/api.w.org\/{rel}","templated":true}]}}