{"id":567,"date":"2024-01-23T14:08:56","date_gmt":"2024-01-23T12:08:56","guid":{"rendered":"https:\/\/www.elebet.fi\/?page_id=567"},"modified":"2025-12-01T21:25:20","modified_gmt":"2025-12-01T19:25:20","slug":"567-2","status":"publish","type":"page","link":"https:\/\/www.elebet.fi\/?page_id=567","title":{"rendered":"YHTEYSTIEDOT"},"content":{"rendered":"\n<div class=\"wp-block-group\"><div class=\"wp-block-group__inner-container is-layout-constrained wp-block-group-is-layout-constrained\">\n<div class=\"wp-block-columns is-layout-flex wp-container-core-columns-is-layout-1 wp-block-columns-is-layout-flex\">\n<div class=\"wp-block-column is-layout-flow wp-block-column-is-layout-flow\">\n<div class=\"wp-block-media-text is-stacked-on-mobile is-vertically-aligned-top\"><figure class=\"wp-block-media-text__media\"><img loading=\"lazy\" decoding=\"async\" width=\"300\" height=\"451\" src=\"https:\/\/www.elebet.fi\/wp-content\/uploads\/2022\/12\/santeri_uusi.png\" alt=\"\" class=\"wp-image-483 size-full\" srcset=\"https:\/\/www.elebet.fi\/wp-content\/uploads\/2022\/12\/santeri_uusi.png 300w, https:\/\/www.elebet.fi\/wp-content\/uploads\/2022\/12\/santeri_uusi-200x300.png 200w\" sizes=\"auto, (max-width: 300px) 100vw, 300px\" \/><\/figure><div class=\"wp-block-media-text__content\">\n<p><strong>Toimitusjohtaja<\/strong><\/p>\n\n\n\n<p>Santeri Kause<br>050 \u2013 560 9151<\/p>\n\n\n\n<p>Myynti ja hankinta<\/p>\n<\/div><\/div>\n<\/div>\n\n\n\n<div class=\"wp-block-column is-layout-flow wp-block-column-is-layout-flow\">\n<div class=\"wp-block-media-text is-stacked-on-mobile is-vertically-aligned-top\"><figure class=\"wp-block-media-text__media\"><img loading=\"lazy\" decoding=\"async\" width=\"300\" height=\"451\" src=\"https:\/\/www.elebet.fi\/wp-content\/uploads\/2022\/12\/risto_uusi.png\" alt=\"\" class=\"wp-image-482 size-full\" srcset=\"https:\/\/www.elebet.fi\/wp-content\/uploads\/2022\/12\/risto_uusi.png 300w, https:\/\/www.elebet.fi\/wp-content\/uploads\/2022\/12\/risto_uusi-200x300.png 200w\" sizes=\"auto, (max-width: 300px) 100vw, 300px\" \/><\/figure><div class=\"wp-block-media-text__content\">\n<p><strong>Tuotantop\u00e4\u00e4llikk\u00f6<\/strong><\/p>\n\n\n\n<p>Risto N\u00e4rv\u00e4<br>040 \u2013 753 5555<\/p>\n\n\n\n<p>Kuljetustilaukset &amp; ty\u00f6njohto<\/p>\n<\/div><\/div>\n<\/div>\n<\/div>\n\n\n\n<div class=\"wp-block-columns is-layout-flex wp-container-core-columns-is-layout-2 wp-block-columns-is-layout-flex\">\n<div class=\"wp-block-column is-layout-flow wp-block-column-is-layout-flow\">\n<div class=\"wp-block-media-text is-stacked-on-mobile is-vertically-aligned-top\"><figure class=\"wp-block-media-text__media\"><img loading=\"lazy\" decoding=\"async\" width=\"300\" height=\"451\" src=\"https:\/\/www.elebet.fi\/wp-content\/uploads\/2022\/12\/mika_uusi.png\" alt=\"\" class=\"wp-image-481 size-full\" srcset=\"https:\/\/www.elebet.fi\/wp-content\/uploads\/2022\/12\/mika_uusi.png 300w, https:\/\/www.elebet.fi\/wp-content\/uploads\/2022\/12\/mika_uusi-200x300.png 200w\" sizes=\"auto, (max-width: 300px) 100vw, 300px\" \/><\/figure><div class=\"wp-block-media-text__content\">\n<p><strong>Ty\u00f6njohtaja<\/strong><\/p>\n\n\n\n<p>Mika Kuusisto<br>050 \u2013 364 3791<\/p>\n\n\n\n<p>Ty\u00f6njohtaja<\/p>\n<\/div><\/div>\n<\/div>\n\n\n\n<div class=\"wp-block-column is-layout-flow wp-block-column-is-layout-flow\">\n<div class=\"wp-block-media-text is-stacked-on-mobile is-vertically-aligned-top\"><figure class=\"wp-block-media-text__media\"><img loading=\"lazy\" decoding=\"async\" width=\"300\" height=\"451\" src=\"https:\/\/www.elebet.fi\/wp-content\/uploads\/2024\/11\/jussilindfors.png\" alt=\"\" class=\"wp-image-643 size-full\" srcset=\"https:\/\/www.elebet.fi\/wp-content\/uploads\/2024\/11\/jussilindfors.png 300w, https:\/\/www.elebet.fi\/wp-content\/uploads\/2024\/11\/jussilindfors-200x300.png 200w\" sizes=\"auto, (max-width: 300px) 100vw, 300px\" \/><\/figure><div class=\"wp-block-media-text__content\">\n<p><strong>Ty\u00f6njohtaja<\/strong><\/p>\n\n\n\n<p>Jussi Liljakoski<br>050 \u2013 3608 890<\/p>\n\n\n\n<p>Ty\u00f6njohto<\/p>\n<\/div><\/div>\n<\/div>\n<\/div>\n<\/div><\/div>\n\n\n\n<hr class=\"wp-block-separator has-alpha-channel-opacity\"\/>\n\n\n\n<div class=\"wp-block-columns is-layout-flex wp-container-core-columns-is-layout-3 wp-block-columns-is-layout-flex\">\n<div class=\"wp-block-column is-layout-flow wp-block-column-is-layout-flow\">\n<p><strong>K\u00e4yntiosoite<\/strong><br>Vesterinkuja 11<br>29630 Pomarkku<\/p>\n\n\n\n<p><\/p>\n\n\n\n<p>S\u00e4hk\u00f6postit muotoa:<br>etunimi.sukunimi@elebet.fi<\/p>\n\n\n\n<p><a href=\"https:\/\/www.elebet.fi\/wp-content\/uploads\/2024\/01\/Sahkoinenlaskutus2024.pdf\" data-type=\"link\" data-id=\"https:\/\/www.elebet.fi\/wp-content\/uploads\/2024\/01\/Sahkoinenlaskutus2024.pdf\">S\u00e4hk\u00f6inen toimittajakirje &amp; laskutusosoite<\/a><\/p>\n\n\n\n<p><a href=\"https:\/\/www.elebet.fi\/wp-content\/uploads\/2024\/01\/Tietosuojaseloste2024.pdf\" data-type=\"link\" data-id=\"https:\/\/www.elebet.fi\/wp-content\/uploads\/2024\/01\/Tietosuojaseloste2024.pdf\">Tietosuojaseloste<\/a><\/p>\n<\/div>\n\n\n\n<div class=\"wp-block-column is-vertically-aligned-stretch is-layout-flow wp-block-column-is-layout-flow\">\n<iframe src=\"https:\/\/www.google.com\/maps\/embed?pb=!1m18!1m12!1m3!1d1891.4241310033367!2d22.008587416232174!3d61.701658555763686!2m3!1f0!2f0!3f0!3m2!1i1024!2i768!4f13.1!3m3!1m2!1s0x468906c7cc80e645%3A0xdf054f791afd83c4!2sVesterinkuja%2011%2C%2029630%20Pomarkku!5e0!3m2!1sfi!2sfi!4v1706013101979!5m2!1sfi!2sfi\" width=\"400\" height=\"300\" style=\"border:0;\" allowfullscreen=\"\" loading=\"lazy\" referrerpolicy=\"no-referrer-when-downgrade\"><\/iframe>\n<\/div>\n<\/div>\n","protected":false},"excerpt":{"rendered":"<p>Toimitusjohtaja Santeri Kause050 \u2013 560 9151 Myynti ja hankinta Tuotantop\u00e4\u00e4llikk\u00f6 Risto N\u00e4rv\u00e4040 \u2013 753 5555 Kuljetustilaukset &amp; ty\u00f6njohto Ty\u00f6njohtaja Mika Kuusisto050 \u2013 364 3791 Ty\u00f6njohtaja Ty\u00f6njohtaja Jussi Liljakoski050 \u2013 3608 890 Ty\u00f6njohto K\u00e4yntiosoiteVesterinkuja 1129630 Pomarkku S\u00e4hk\u00f6postit muotoa:etunimi.sukunimi@elebet.fi S\u00e4hk\u00f6inen toimittajakirje &amp; laskutusosoite Tietosuojaseloste<\/p>\n","protected":false},"author":1,"featured_media":0,"parent":0,"menu_order":0,"comment_status":"closed","ping_status":"closed","template":"","meta":{"footnotes":""},"class_list":["post-567","page","type-page","status-publish","hentry"],"_links":{"self":[{"href":"https:\/\/www.elebet.fi\/index.php?rest_route=\/wp\/v2\/pages\/567","targetHints":{"allow":["GET"]}}],"collection":[{"href":"https:\/\/www.elebet.fi\/index.php?rest_route=\/wp\/v2\/pages"}],"about":[{"href":"https:\/\/www.elebet.fi\/index.php?rest_route=\/wp\/v2\/types\/page"}],"author":[{"embeddable":true,"href":"https:\/\/www.elebet.fi\/index.php?rest_route=\/wp\/v2\/users\/1"}],"replies":[{"embeddable":true,"href":"https:\/\/www.elebet.fi\/index.php?rest_route=%2Fwp%2Fv2%2Fcomments&post=567"}],"version-history":[{"count":22,"href":"https:\/\/www.elebet.fi\/index.php?rest_route=\/wp\/v2\/pages\/567\/revisions"}],"predecessor-version":[{"id":719,"href":"https:\/\/www.elebet.fi\/index.php?rest_route=\/wp\/v2\/pages\/567\/revisions\/719"}],"wp:attachment":[{"href":"https:\/\/www.elebet.fi\/index.php?rest_route=%2Fwp%2Fv2%2Fmedia&parent=567"}],"curies":[{"name":"wp","href":"https:\/\/api.w.org\/{rel}","templated":true}]}}