{"id":71,"date":"2015-03-26T08:50:08","date_gmt":"2015-03-26T06:50:08","guid":{"rendered":"http:\/\/www.elebet.fi\/wp\/?page_id=71"},"modified":"2024-01-24T09:49:12","modified_gmt":"2024-01-24T07:49:12","slug":"2011-2","status":"publish","type":"page","link":"https:\/\/www.elebet.fi\/?page_id=71","title":{"rendered":"2011"},"content":{"rendered":"\n<p><\/p>\n\n\n\n<figure class=\"wp-block-table is-style-stripes\"><table><tbody><tr><td><span style=\"text-decoration: underline;\"><strong>REFERENSSILUETTELO<\/strong><\/span><\/td><td>&nbsp;<\/td><td>&nbsp;<\/td><td>&nbsp;<\/td><\/tr><tr><td colspan=\"2\"><strong>Tuotettuja elementtej\u00e4 yhteens\u00e4 26 615 m\u00b2<\/strong><\/td><td>&nbsp;<\/td><td>&nbsp;<\/td><\/tr><tr><td>&nbsp;<\/td><td>&nbsp;<\/td><td>&nbsp;<\/td><td>&nbsp;<\/td><\/tr><tr><td><strong>KOHDE<\/strong><\/td><td><strong>TILAAJA<\/strong><\/td><td><strong>KUVAUS ELEMENTEIST\u00c4<\/strong><\/td><td><strong>NELI\u00d6M\u00c4\u00c4R\u00c4<\/strong><\/td><\/tr><tr><td>As Oy Ahdinlinna<\/td><td>YIT-Rakennus Oy \/Tre<\/td><td>julkisivu, parvekelaatat &#8211; ja pielet, julkisivukuori<\/td><td>1 247<\/td><\/tr><tr><td>As Oy Kuikka \/ Yl\u00f6j\u00e4rvi<\/td><td>YIT-Rakennus Oy \/Tre<\/td><td>sokkeli, julkisivu, parvekelaatat ja pielet<\/td><td>1 773<\/td><\/tr><tr><td>As Oy Silkkiuikku\/ Yl\u00f6j\u00e4rvi<\/td><td>YIT-Rakennus Oy \/Tre<\/td><td>sokkeli, julkisivu, parvekelaatat ja pielet<\/td><td>1 788<\/td><\/tr><tr><td>As Oy Ratinan Horisontti<\/td><td>YIT-Rakennus Oy \/Tre<\/td><td>kaikki elementit<\/td><td>3 365<\/td><\/tr><tr><td>As Oy Vihdin Kataja<\/td><td>YIT-Rakennus Oy \/ Uusimaa<\/td><td>julkisivut, kuoret, parvekelaatat, pilarit<\/td><td>1 966<\/td><\/tr><tr><td>As Oy Yl\u00f6j\u00e4rven Sinisorsa<\/td><td>YIT-Rakennus Oy \/Tre<\/td><td>julkisivut, kuoret, sokkelit, parvekelaatat ja -pielet, massiivilaatat<\/td><td>1 344<\/td><\/tr><tr><td>As Oy Yl\u00f6j\u00e4rven Tervaskanto<\/td><td>SRV Oy \/ Tre<\/td><td>julkisivut, kuoret, sk-elementit, v\u00e4lisein\u00e4t, sokkelit, parvekelaatat ja \u2013 pielet, pilarit<\/td><td>2 595<\/td><\/tr><tr><td>Tuuletar<\/td><td>Skanska \/ Tre<\/td><td>parvekelaatat ja \u2013 pielet, pilarit<\/td><td>859<\/td><\/tr><tr><td>Kapteeni<\/td><td>YIT-Rakennus Oy \/Tre<\/td><td>sis\u00e4kuorielementit, sokkelit, laatat, kuoret, parvekelaatat ja &#8211; pielet<\/td><td>3 112<\/td><\/tr><tr><td>Hjalmar<\/td><td>Rak. liike Minkkinen &amp; Ketola<\/td><td>kaikki elementit<\/td><td>1 737<\/td><\/tr><tr><td>VTS Vuores<\/td><td>YIT-Rakennus Oy \/Tre<\/td><td>parvekelaatat<\/td><td>487<\/td><\/tr><tr><td>Tampereen Tieteenparkki<\/td><td>YIT-Rakennus Oy \/Tre<\/td><td>julkisivukuoret<\/td><td>545<\/td><\/tr><tr><td>Esikon Willa<\/td><td>Friisato Oy<\/td><td>julkisivut, v\u00e4lisein\u00e4t<\/td><td>239<\/td><\/tr><tr><td>Helsingin Energia<\/td><td>Rak. Oy Seppo Turunen<\/td><td>v\u00e4lisein\u00e4t<\/td><td>227<\/td><\/tr><tr><td>Helsingin Energian L\u00e4nsiterminaali<\/td><td>Rak. Oy Seppo Turunen<\/td><td>kuorielementit, v\u00e4lisein\u00e4t<\/td><td>313<\/td><\/tr><tr><td>Porin Amiraali<\/td><td>YIT Rakennus Oy \/ Lounais-Suomi<\/td><td>sis\u00e4kuorielementit, kuorielementit, hissikuilut, sokkelit, parvekelaatat, pilarit<\/td><td>1 505<\/td><\/tr><tr><td>Vihnuksen Aarre<\/td><td>YIT-Rakennus Oy \/Tre<\/td><td>julkisivut, kuoret, sokkelit, parvekelaatat ja -pielet, massiivilaatat, pilarit<\/td><td>2 434<\/td><\/tr><tr><td>Rudolf<\/td><td>YIT-Rakennus Oy \/Tre<\/td><td>sis\u00e4kuorielementit, parvekelaatat ja sokkelit<\/td><td>630<\/td><\/tr><tr><td>Tampereen Tieteenkatu 3<\/td><td>YIT-Rakennus Oy \/Tre<\/td><td>sokkelit, hissikupit<\/td><td>231<\/td><\/tr><tr><td>Tampereen Tieteenkatu 7<\/td><td>YIT-Rakennus Oy \/Tre<\/td><td>sokkelit, hissikupit<\/td><td>218<\/td><\/tr><\/tbody><\/table><\/figure>\n\n\n\n<p><strong>&nbsp; &nbsp; &nbsp; &nbsp;&nbsp;<\/strong><\/p>\n\n\n\n<p><\/p>\n","protected":false},"excerpt":{"rendered":"<p>REFERENSSILUETTELO &nbsp; &nbsp; &nbsp; Tuotettuja elementtej\u00e4 yhteens\u00e4 26 615 m\u00b2 &nbsp; &nbsp; &nbsp; &nbsp; &nbsp; &nbsp; KOHDE TILAAJA KUVAUS ELEMENTEIST\u00c4 NELI\u00d6M\u00c4\u00c4R\u00c4 As Oy Ahdinlinna YIT-Rakennus Oy \/Tre julkisivu, parvekelaatat &#8211; ja pielet, julkisivukuori 1 247 As Oy Kuikka \/ Yl\u00f6j\u00e4rvi YIT-Rakennus Oy \/Tre sokkeli, julkisivu, parvekelaatat ja pielet 1 773 As Oy Silkkiuikku\/ Yl\u00f6j\u00e4rvi YIT-Rakennus<\/p><\/div>\n<div class=\"blog-btn\"><a href=\"https:\/\/www.elebet.fi\/?page_id=71\" class=\"home-blog-btn\">Lue lis\u00e4\u00e4<\/a><\/p>\n","protected":false},"author":1,"featured_media":0,"parent":0,"menu_order":0,"comment_status":"closed","ping_status":"closed","template":"","meta":{"footnotes":""},"class_list":["post-71","page","type-page","status-publish","hentry"],"_links":{"self":[{"href":"https:\/\/www.elebet.fi\/index.php?rest_route=\/wp\/v2\/pages\/71","targetHints":{"allow":["GET"]}}],"collection":[{"href":"https:\/\/www.elebet.fi\/index.php?rest_route=\/wp\/v2\/pages"}],"about":[{"href":"https:\/\/www.elebet.fi\/index.php?rest_route=\/wp\/v2\/types\/page"}],"author":[{"embeddable":true,"href":"https:\/\/www.elebet.fi\/index.php?rest_route=\/wp\/v2\/users\/1"}],"replies":[{"embeddable":true,"href":"https:\/\/www.elebet.fi\/index.php?rest_route=%2Fwp%2Fv2%2Fcomments&post=71"}],"version-history":[{"count":17,"href":"https:\/\/www.elebet.fi\/index.php?rest_route=\/wp\/v2\/pages\/71\/revisions"}],"predecessor-version":[{"id":620,"href":"https:\/\/www.elebet.fi\/index.php?rest_route=\/wp\/v2\/pages\/71\/revisions\/620"}],"wp:attachment":[{"href":"https:\/\/www.elebet.fi\/index.php?rest_route=%2Fwp%2Fv2%2Fmedia&parent=71"}],"curies":[{"name":"wp","href":"https:\/\/api.w.org\/{rel}","templated":true}]}}